s b(94)?
-1
Let y(v) = 20*v**2 - 35*v - 138. What is y(-2)?
12
Let t(m) = -4*m**2 - 1610*m - 71680. Calculate t(-51).
26
Let c(u) = 5205644*u + 26028224. Give c(-5).
4
Let s(l) = -39*l**3 - 4*l**2 + 4603*l - 4601. Give s(1).
-41
Let q(b) = -b**3 - 72*b**2 - 1030*b + 486. Give q(-52).
-34
Let q(f) = -7*f**3 + 185*f**2 - 67*f - 474. Calculate q(26).
-188
Let u(g) = 29*g**2 + 849*g - 1421. What is u(-31)?
129
Let q(u) = 2*u**2 - 1095*u - 38730. What is q(581)?
197
Let z(g) = -4*g**2 - 3082*g - 65879. Determine z(-22).
-11
Let x(f) = 23991*f + 359458. Give x(-15).
-407
Let q(t) = 22*t**3 + 6724*t**2 - 2445*t + 779. Calculate q(-306).
-139
Let p(k) = -k**3 + 6*k**2 - 14*k + 26. Give p(5).
-19
Let c(v) = -4*v**3 + 42*v**2 + 473*v + 111. Determine c(16).
2047
Let r(i) = 64*i**2 + 6204*i - 312. Determine r(-97).
76
Let b(n) = -n**3 + 31*n**2 - 132*n + 2. Calculate b(26).
-50
Let h(v) = -387*v + 27474. Calculate h(71).
-3
Let h(k) = -6*k**2 - 349*k + 3277. Determine h(8).
101
Let c(k) = 29379*k - 352542. Calculate c(12).
6
Let h(q) = -5*q**3 - 731*q**2 - 2287*q + 92. What is h(-143)?
-51
Let y(d) = 14*d**3 + 71*d**2 - 72*d + 2. Determine y(1).
15
Let v(h) = -h**3 - 434*h**2 + 10507*h - 1730. Calculate v(-457).
98
Let z(i) = -1193*i - 199233. Determine z(-167).
-2
Let l(o) = o**3 - 372*o**2 + 9495*o - 62091. Determine l(345).
9
Let r(d) = 2*d**3 - 156*d**2 + 2970*d + 38. Calculate r(45).
38
Let k(a) = -4035*a + 37156. What is k(9)?
841
Let t(i) = 10101*i + 272754. Calculate t(-27).
27
Let h(b) = 282*b**2 - 414823*b + 1467. What is h(1471)?
-4
Let p(w) = -417*w**2 + 36276*w + 264. Give p(87).
3
Let c(n) = -7882*n - 31504. What is c(-4)?
24
Let z(h) = -2*h**3 + 1784*h**2 + 2116*h - 294689. Give z(893).
1
Let j(p) = 99*p**3 - 1252*p**2 - 486*p + 394. Give j(13).
-9
Let o(r) = -10*r**2 - 90*r + 512. Give o(-16).
-608
Let n(u) = -2*u**3 - 143*u**2 - 2450*u + 56. Give n(-43).
13
Let i(p) = p**3 - 307*p**2 - 1840*p - 11893. Determine i(313).
1
Let r(t) = -t**2 + 5988*t + 84032. Give r(-14).
4
Let k(p) = p**2 + 146053*p + 4. What is k(0)?
4
Let t(u) = u**2 + 1446*u + 27124. Determine t(-19).
11
Let t(a) = 699*a**2 - 632*a - 632. Calculate t(-1).
699
Let z(u) = -487*u**2 + 41884*u - 33. Determine z(86).
139
Let v(n) = 28*n**2 - 3772*n - 26403. What is v(-7)?
1373
Let f(j) = j**3 - 7*j**2 + 53*j - 176. Give f(4).
-12
Let d(x) = -x**3 - 63*x**2 + 315*x - 97. Calculate d(6).
-691
Let q(k) = 9*k**2 - 1272*k - 6663. Calculate q(146).
-531
Let c(q) = -17483*q - 174536. Calculate c(-10).
294
Let v(n) = -n**2 + 4729*n - 2024447. Give v(476).
-19
Let p(k) = 3242*k - 42479. What is p(13)?
-333
Let g(i) = 82*i**2 + 135*i - 49. Determine g(-5).
1326
Let x(o) = 491*o**2 + 64314*o - 955. Give x(-131).
-38
Let c(k) = 3*k**3 - 469*k**2 - 13388*k - 1093. Give c(181).
-7
Let g(h) = 2*h**3 + 48*h**2 + 82*h + 1746. Give g(-24).
-222
Let b(d) = -2*d**3 - 76*d**2 - 1546*d - 11640. Give b(-13).
8
Let k(v) = 226954*v - 1588674. Calculate k(7).
4
Let m(q) = 2*q**2 + 286*q + 774. Give m(-140).
-66
Let y(n) = -3*n**3 + 51*n**2 - 345*n + 4768. Determine y(16).
16
Let y(s) = 152*s**2 - 1224*s + 60. What is y(8)?
-4
Let r(u) = -6900*u - 151834. Determine r(-22).
-34
Let u(d) = 111*d - 7581. Calculate u(60).
-921
Let x(k) = -483*k + 2388. Calculate x(7).
-993
Let h(d) = -13*d**3 - 862*d**2 - 252*d + 1015. Give h(-66).
223
Let l(g) = -4*g**2 - 21*g - 421. Determine l(-18).
-1339
Let g(w) = 8750*w + 796175. Give g(-91).
-75
Let d(l) = -9*l**3 + 6*l**2 - 8*l - 6. Calculate d(2).
-70
Let u(z) = 2*z**3 - 52*z**2 - 267*z - 6421. Give u(33).
14
Let j(z) = 5*z**2 + 401*z + 1619. Determine j(-4).
95
Let q(u) = -u**3 + 306*u**2 - 1005*u + 28952. What is q(303)?
-136
Let s(t) = -2*t**2 + 5122*t - 116776. What is s(23)?
-28
Let f(g) = 143*g**2 - 2917*g + 7452. Determine f(3).
-12
Let d(h) = -h**3 + 82*h**2 - 1094*h + 8. Give d(16).
-600
Let h(y) = 3*y**2 - 66*y + 135. What is h(22)?
135
Let r(q) = -q**3 - 29*q**2 - 1094*q - 31696. What is r(-29)?
30
Let n(g) = -2818*g + 11266. Calculate n(4).
-6
Let t(h) = 895*h + 19155. Give t(-22).
-535
Let z(u) = -136945*u + 2464887. What is z(18)?
-123
Let a(b) = 3*b**3 + 1182*b**2 + 14840*b - 7241. Determine a(-381).
-2
Let a(m) = -27*m**2 - 522*m - 273. Calculate a(-19).
-102
Let d(x) = 4*x**3 + 47*x**2 + 337*x + 1755. Calculate d(-8).
19
Let n(u) = 24*u**2 - 3370*u + 106906. What is n(92)?
2
Let r(k) = 5635*k**2 - 5642*k + 5. Determine r(1).
-2
Let x(y) = -y**2 + 1889*y + 127001. Calculate x(-65).
-9
Let u(x) = 150*x**2 + 7517*x + 803. What is u(-50)?
-47
Let s(q) = q**3 + 7*q**2 - 114*q - 1337. Give s(-11).
-567
Let x(c) = -1466*c - 4329. Give x(-3).
69
Let l(m) = -5*m**3 + 8*m**2 + 339*m - 1161. Determine l(4).
3
Let l(v) = 22*v**2 + 7872*v + 6406. What is l(-357)?
-20
Let q(w) = -2*w**3 + 105*w**2 + 160*w - 41. Calculate q(54).
-149
Let x(d) = -2*d**3 - 61697*d**2 + 370258*d - 24. What is x(6)?
0
Let v(z) = -35*z**3 - 59660*z - 59658. What is v(-1)?
37
Let c(o) = -5*o**3 - 298*o**2 + 135*o + 404. Calculate c(-60).
-496
Let l(v) = -28383*v - 169753. Determine l(-6).
545
Let a(d) = d**3 - 73*d**2 + 147*d + 1720. Calculate a(71).
2075
Let v(s) = -14*s**2 + 230*s - 320. Determine v(20).
-1320
Let k(p) = -p**2 + 14967*p + 134785. What is k(-9)?
1
Let u(v) = -2*v**2 - 160*v + 2218. Calculate u(-92).
10
Let m(y) = -3*y**2 - 1090*y - 18973. Give m(-345).
2
Let t(p) = -18864*p - 207826. Give t(-11).
-322
Let y(l) = -680*l + 1392. What is y(2)?
32
Let y(o) = 41*o**2 + 24*o - 63. What is y(11)?
5162
Let j(o) = 3173*o - 2300434. Determine j(725).
-9
Let c(r) = r**2 + 5629*r - 572894. Give c(100).
6
Let j(q) = -2*q**3 - 70*q**2 - 443*q + 239. What is j(-9)?
14
Let r(b) = -4569*b + 5896. Determine r(2).
-3242
Let x(k) = 31*k - 794. Calculate x(-2).
-856
Let y(s) = 20*s**2 + 3159*s - 15817. Calculate y(5).
478
Let o(b) = -297*b**2 + 13340*b + 1128. Give o(45).
3
Let g(w) = w**2 + 129447*w + 1035524. Determine g(-8).
12
Let i(r) = r**3 + 832*r**2 + 5800*r + 20618. What is i(-825)?
-7
Let q(l) = 651*l + 147082. Calculate q(-226).
-44
Let p(x) = 128*x**2 - 250*x - 10. Give p(2).
2
Let j(v) = -v**3 - 56*v**2 + 1714*v + 21. Determine j(22).
-23
Let b(y) = -2*y**2 - 15*y + 6424. Determine b(53).
11
Let v(w) = -4*w**2 + 164*w - 113. Give v(40).
47
Let o(d) = 38*d**3 - 2206*d**2 + 39*d + 4460. Determine o(58).
-6
Let v(q) = 1214*q**2 - 44941*q + 847. What is v(37)?
-4
Let g(q) = 2*q**3 - 34*q**2 + 40*q + 33. What is g(18)?
1401
Let c(w) = 9*w**2 - 86*w - 1945. What is c(-11)?
90
Let p(v) = -12435*v - 796017. Calculate p(-64).
-177
Let j(d) = d**3 + 55*d**2 + 39645*d + 2180473. Determine j(-55).
-2
Let k(g) = -5*g**2 + 21*g + 1768. What is k(-18)?
-230
Let s(k) = 11435*k + 68606. Give s(-6).
-4
Let s(h) = -206*h**2 + 7561*h + 36293. Determine s(41).
8
Let m(y) = 7*y**2 + 196*y - 111526. Calculate m(113).
5
Let a(j) = -15*j**3 - 99*j**2 - 131*j + 108. Determine a(-4).
8
Let k(s) = 23833*s - 715000. Calculate k(30).
-10
Let q(w) = 11201*w + 33814. Calculate q(-3).
211
Let i(w) = -14*w**3 + 108*w**2 + 471*w - 3786. Calculate i(7).
1
Let k(r) = -r**3 - 81*r**2 + 12*r - 570. What is k(0)?
-570
Let d(g) = -11315*g + 34707. Determine d(3).
762
Let o(t) = -26*t**2 - 2052*t + 145. What is o(-79)?
-13
Let i(p) = 91559*p - 274701. Calculate i(3).
-24
Let c(y) = 35736*y - 20512476. Calculate c(574).
-12
Let w(r) = -3315*r + 62476. Calculate w(18).
2806
Let x(t) = 2*t**3 - 1922*t**2 - 5866*t + 79024. Give x(964).
-24
Let z(g) = g**3 + 441*g**2 - 1554*g + 669. Calculate z(3).
3
Let x(p) = p**3 - 29*p**2 - 222*p + 5. Calculate x(-6).
77
Let t(v) = -v**2 - 73*v + 1578. Determine t(24).
-750
Let d(w) = -38144*w + 267028. What is d(7)?
20
Let m(r) = -92734*r - 834596. What is m(-9)?
10
Let c(a) = -a**2 + 121*a + 36498. Give c(-139).
358
Let h(s) = 2*s**2 - 10236*s - 329610. Calculate h(-32).
-10
Let v(u) = -79*u**3 - 54510*u**2 + 7*u + 4860. Determine v(-690).
30
Let p(a) = -a**3 - 62*a**2 - 100*a - 1435. What is p(-61)?
944
Let r(b) = -27*b**2 - 2048*b + 202. What is r(-76)?
-102
Let x(u) = 12*u - 1140. What is x(152)?
684
Let f(x) = -14615*x + 72635. Determine f(5).
-440
Let o(y) = 7*y**3 + 3*y**2 + 57*y - 3. Calculate o(-5).
-1088
Let j(f) = -67906*f**2 + 3802732*f + 204. Calculate j(56).
-20
L